 8*m + 7. Let w(g) = -5*t(g) - 4*x(g). Determine w(6).
5
Let p(y) be the second derivative of -y**4/12 - 2*y**3/3 - 3*y**2/2 - 4*y. Calculate p(-3).
0
Let t(d) = -d + 3. Suppose 11 = 5*g + 36. Give t(g).
8
Let g(z) = 2 + 0 - 4*z + 5 - 2. Calculate g(6).
-19
Let t(o) = o + 1. Let c be t(8). Let d be (-1 + 6)*c/15. Let x(n) = -d*n - 5 + 0*n + 3. Determine x(-2).
4
Let r(k) be the second derivative of -k**6/120 - 7*k**3/6 - k**2/2 + 2*k. Let z(v) be the first derivative of r(v). Let w = -21 - -21. What is z(w)?
-7
Let y(k) = -k**3 + 5*k**2 - 4*k - 3. Let a = -2 - -5. Let h = 7 - a. What is y(h)?
-3
Let m(t) be the third derivative of -t**5/60 + t**4/6 - 2*t**2. Let j(y) = -2*y + 1. Let v be j(-7). Let l = -11 + v. What is m(l)?
0
Let h(w) be the second derivative of 0 - w**2 - 2*w + 1/12*w**4 - 1/6*w**3. Suppose 3*k = -3*o - 3, -3*k + 18 = o - 5*o. What is h(o)?
10
Let b(x) = x**3 + 3*x**2 + x + 7. Let d be b(-3). Let k(y) = y**2 - 4*y + 1. Let l(o) = -2*o**2 + 8*o - 2. Let f(m) = -9*k(m) - 4*l(m). Determine f(d).
-1
Let a(p) = 11*p**3 - 3*p**2 + 12*p + 12. Let m(j) = -5*j**3 + 2*j**2 - 6*j - 6. Let g(w) = -4*a(w) - 9*m(w). Calculate g(5).
11
Let j(g) be the second derivative of g**3/6 + 2*g**2 + g. Let k(b) = -b + 1. Let h be k(3). Let n be h*((-2)/(-4) + 1). What is j(n)?
1
Let k(u) = u**3 - 5*u**2 + 2*u + 4. Let a = -4 + 3. Let n(z) = 4*z - 20. Let o be n(6). Let r = a + o. Calculate k(r).
-8
Let o(k) = -k**2 + 8*k + 5. Let i be o(9). Let s be i/2*1/(-2). Let q(w) = 11*w - 9*w + 0 - s. Determine q(2).
3
Let l(v) = -3*v**3 + 3*v - 2 + 5*v**2 + v**3 + 3*v**3. What is l(-3)?
7
Let k(v) = -2*v**2 + 10*v - 11. Let c(p) = -p**2 + 5*p - 6. Let y(i) = -7*c(i) + 4*k(i). What is y(4)?
2
Suppose -2*c + 20 = -6*c. Let f = c + 5. Let x(a) be the second derivative of a**5/20 + a**4/12 - a**3/6 + 7*a**2/2 - a. What is x(f)?
7
Let z(q) be the first derivative of q**3 + 5 - 1/2*q**2 - 2*q. Suppose -2*g = -3*g + 2. Calculate z(g).
8
Let k(i) = -i**3 + 4*i**2 + 4*i + 2. Let m(y) = 4*y**2 + 1. Let p be m(-1). Give k(p).
-3
Let x(a) = a**2 + 3*a - 5. Let w(t) = -t - 13. Let u be w(-9). Calculate x(u).
-1
Let i(m) be the second derivative of -m**6/360 - m**5/120 - 2*m**3/3 - 3*m. Let b(t) be the second derivative of i(t). What is b(-3)?
-6
Let g(i) = i**3 + 9*i**2 - 9*i + 7. Let y = -25 + 15. Let k be g(y). Let x(a) = -a**2 - 6*a - 2. Give x(k).
7
Let l(u) = 0 + 4*u**2 - u**3 + 3*u - 1 + 2 + 6. Give l(5).
-3
Let m(u) = u + 3. Let i = 1 - -1. Suppose 368 = -i*l - 2*l. Let j be l/20 + 4/(-10). What is m(j)?
-2
Let j(x) = -x**3 - 10*x**2 - 9*x - 1. Let z be j(-9). Let o(c) = -3*c**3 - 2*c**2 - 2*c - 1. Calculate o(z).
2
Suppose -2 = -4*y - 6. Let f(t) = 3*t**2 - 3*t**2 - t + 5 - 2*t**2 - 6. What is f(y)?
-2
Let h(c) = c**3 + 5*c**2 - 2*c - 1. Let d(g) = 3*g**2 - 9*g - 7. Let u(m) = m**2 - 1. Let x(j) = -d(j) + 4*u(j). Let n be x(-8). Determine h(n).
9
Let r(c) = 1 - 5*c**2 - 2*c + 2*c**2 + 2*c**2. Calculate r(-3).
-2
Let t(j) = 4*j**2 - 9*j - 32. Let b(n) = n**2 - 2*n - 8. Let k(z) = -9*b(z) + 2*t(z). Determine k(0).
8
Let a be 27*(0 + 1 + -2). Let x be (2/(-6))/(3/a). Let b(i) = 2 + x*i - 5*i**2 + 6*i**2 + 2. Determine b(-3).
4
Let h(j) = j**3 - 2*j**2 - j + 1. Suppose 4*b - 12 = 10*b. Determine h(b).
-13
Let z be 4*((-7)/(-2) - 3). Let m(j) = -6*j - 7 + j**2 - z*j**2 + 2. Calculate m(-5).
0
Let d = 2 - 3. Let l(f) be the second derivative of 7*f**4/12 - f**3/3 - f**2/2 + 14*f. Calculate l(d).
8
Let o be 3*(0 - -1) + 0. Let v(j) = 5*j + o*j - 5*j + 4. Determine v(-3).
-5
Let i(q) be the first derivative of q**4/4 + 4*q**3/3 - 3*q**2/2 - 6*q + 6. What is i(-4)?
6
Let c be 3/1*24/(-9). Let i(v) = 2*v + 11. What is i(c)?
-5
Let d be (-1 + -2)/(6/(-8)). Let v(b) = -b**2 + 4*b + 2. What is v(d)?
2
Let c(n) = -n**2 + 5*n - 1. Suppose -25 = 5*m, 3*m + 5 = 5*a - 0. Let s = 51 - 31. Let k be a - (s + 1)/(-3). Calculate c(k).
-1
Let i(x) = 2*x - 1. Let q = 17 - 22. Calculate i(q).
-11
Suppose 4*o - c - 14 = 4*c, -5*c = 10. Let i(s) = 2*s**3 - s**2 + 1. Give i(o).
2
Let g(y) = -4*y. Let q(f) = -f**2 + f. Let w = -24 - -23. Let t(m) = w*g(m) - 2*q(m). Determine t(-2).
4
Let q(m) = 2 - 3*m**2 + 2*m**2 - 1 + m - 4*m. Determine q(-2).
3
Let q(s) = -2*s - 13. Let z(t) = -t - 7. Let k(v) = 6*q(v) - 11*z(v). What is k(-5)?
4
Let r(k) = 10*k + 5*k - 15*k + 1 + 5*k. Give r(1).
6
Suppose 3*l - 1 = 5. Let s = l + 10. Let q(m) = -m**2 - 12 + 2*m + s. Determine q(4).
-8
Let f(k) = -2*k - 4. Let u(q) = -3*q - 3. Let i(r) = -5*f(r) + 4*u(r). What is i(6)?
-4
Let a(p) = -4*p**2 - p**2 + 3 - p**2 + 5*p**2 - 6*p. Give a(-6).
3
Let a(r) = 2*r - 3. Suppose 2*p + p = 0. Let n(l) = -4*l - 6. Let v(q) = -q - 1. Let y(z) = -n(z) + 3*v(z). Let o be y(p). Determine a(o).
3
Let n(a) = a + 8. Let b be n(-6). Let l(w) = 2*w - 2*w**2 - 5 + w**b + 0*w**2 + 2. Give l(3).
-6
Suppose 0 = -3*d + 4*d - 6. Let b(j) be the first derivative of j**3/3 - 5*j**2/2 - j - 2. Calculate b(d).
5
Let t(o) be the second derivative of 0 + o + 7/6*o**3 + 1/2*o**2 + 1/2*o**4 + 1/20*o**5. What is t(-5)?
-9
Let p(j) = 14*j + 2. Let u be p(2). Suppose u = 8*r - 3*r. Let m(a) = -a - 9. Let h(t) = -2*t - 9. Let g(o) = -3*h(o) + 4*m(o). What is g(r)?
3
Let b be -1*4/20*10/(-6). Let c(y) be the first derivative of 4 - 6*y + b*y**3 + 1/4*y**4 + 1/2*y**2. Calculate c(0).
-6
Let h(p) = p**2 + 3*p - 4. Suppose b - 3 = 9. Suppose 0 = -3*s + b, o - 2*s = -o - 14. Give h(o).
-4
Let d be 1*0/(-8 - (2 - 6)). Let t(o) be the first derivative of o + 1/3*o**3 + d*o**2 - 1/4*o**4 - 1. Determine t(2).
-3
Let l(t) = -t**2 + 2. Suppose -8 = -4*o - 16. Determine l(o).
-2
Let w = -25 + 28. Let f(a) = -a**3 + 2*a**2 + 3*a + 1. Give f(w).
1
Let z(y) = -y. Let c(f) = -2*f**2 + 4*f. Let o(j) = -c(j) - 8*z(j). Let t be (-1)/(-4) + 7/4. Let b be -5 + -4*(-1)/t. Calculate o(b).
6
Let b be (-1)/2*(-12)/2. Suppose -3*x - 4*h + 0 = 17, -5*x = b*h + 21. Let j(a) be the second derivative of a**4/12 + 2*a**3/3 + a**2 + 2*a. Determine j(x).
-1
Let x(m) = m**3 - 6*m**2 - 5*m - 14. Let l(s) = -2*s**3 + 12*s**2 + 9*s + 27. Let g(k) = 6*l(k) + 11*x(k). Calculate g(6).
2
Suppose 0*a - 2*a = 0. Suppose 5*i + v + 25 = a, 2*v - 24 = i + 6*v. Let b(n) = n - 2. What is b(i)?
-6
Let q be (0 - 3) + 5 + 2. Let h = 12 + -6. Let d(p) = 2*p - 5 - 7 + h. Determine d(q).
2
Let z(k) = -k**2 - 8*k - 7. Let o(u) = -u**2 + 9*u - 15. Let p be o(8). What is z(p)?
0
Let c = -6 + -2. Let h = c - -14. Let x(a) = a**2 - 7*a - 5. Calculate x(h).
-11
Let h(s) = s + 5*s**2 + 0*s + 0 + s**3 + 2. Let q(l) = -l + 11. Let t be q(7). Suppose 0 = t*k - 3*k + 5. Give h(k).
-3
Let d(a) = -5*a - 2. Let t be (-7 + 11)*(-2)/4. What is d(t)?
8
Let s(h) = -4*h + 2. Suppose 0*u = 4*u + 4, 5*j + 2*u - 13 = 0. What is s(j)?
-10
Let f(j) = j + 3. Let z(q) = 3*q - 2*q - 3 - 3*q. Let h(t) = -3*f(t) - 2*z(t). What is h(-3)?
-6
Let g(p) be the second derivative of -p**4/12 + p**3/3 - p**2/2 - 8*p. What is g(3)?
-4
Let h(k) = 3*k + 5. Let u(x) = x**2 - 6*x + 3. Let w be u(4). What is h(w)?
-10
Let s(q) be the second derivative of -9*q - 1/6*q**3 + 0 - 5*q**2. Determine s(-5).
-5
Let g be (-15)/(3 - 6)*-1. Let f(c) be the first derivative of 2*c**3/3 + 4*c**2 + 6*c - 4. What is f(g)?
16
Let j(q) = 3*q. Let b(y) = -y - 4. Let x be b(-5). Determine j(x).
3
Let n(o) = 7*o + 6. Let y(d) = -3*d - 3. Let w(a) = -2*n(a) - 5*y(a). Suppose -5*h + h = 16. What is w(h)?
-1
Let x(m) be the second derivative of m**3/3 + m. What is x(4)?
8
Let d(k) = -k**3 - 4. Let s(c) be the second derivative of c**3/6 + c**2/2 + 4*c. Let n(r) = -d(r) - s(r). Let w be (-2*1)/(-2) + -1. What is n(w)?
3
Let x = -5 + 0. Let i = x + 1. Let k(j) = -j**3 - 3*j**2 + 2*j - 1. Let t(m) = m - 1. Let d(l) = -k(l) - 2*t(l). Give d(i).
3
Let z(s) = 342*s. Let y(h) = 11*h. Let q(k) = 63*y(k) - 2*z(k). What is q(-1)?
-9
Let o = -3 - -4. Let h(z) be the first derivative of -2*z**4 + z**3/3 - z + 2. Give h(o).
-8
Let m(t) = -6*t**2 - t + 2. Let j be m(1). Let n(o) = o**3 + 6*o**2 + 6*o + 3. Determine n(j).
-2
Let f = -23 + 13. Let r be f/(-6) - (-2)/6. Let s(w) = -w**2 - 6*w**r + 2*w**2. Determine s(1).
-5
Let o(t) = -4*t + 3*t**2 - 4*t**2 + 10 + 8*t. What is o(7)?
-11
Let n(q) = 5*q - 3 - q - 5*q. Suppose 7*u = 9*u - 2. Let m be (u - -5)*4/8. Calculate n(m).
